. Let o = h - 5. Suppose -9 = -o*j + 2*j. Calculate the remainder when 24 is divided by j.
6
Let c = -12 - -22. Let a(r) = -r**3 + 7*r**2 - 4*r + 4. Let g = 3 + 1. Calculate the remainder when a(g) is divided by c.
6
Let s be (-130)/6 - (132/(-18))/11. Suppose 3*a + 117 = 6*a. Let v = s + a. What is the remainder when 34 is divided by v?
16
Let g be 208/7 - (-28)/98. What is the remainder when 830/14 + (4 - g/7) is divided by 20?
19
Let q be ((-30)/(-25))/(9/30). Calculate the remainder when (-4)/(-1) + (55 - (q + -4)) is divided by 30.
29
Let y(q) = 8*q + 3 - 2*q**2 - 5*q + 3*q**3 - 2*q**3 + 5*q. Let a be y(-9). Calculate the remainder when a/(-28) - 4/14 is divided by 18.
16
Let w(i) = -i**3 - 21*i**2 + 20*i - 17. Calculate the remainder when 72 is divided by w(-22).
18
Let i be 54 + 2 - (-2)/8*-4. Let u = i + -33. What is the remainder when u is divided by 9?
4
Suppose 9 = a - 1. Suppose a + 40 = 2*r. Suppose 7*h - 41 = 8. What is the remainder when r is divided by h?
4
Calculate the remainder when 2339 is divided by (6 + -15 - -8)*-65.
64
Suppose s + 5*c = -32, -5*s + 2*c - 214 = -0*c. Let i = 59 + s. What is the remainder when 49 is divided by i?
15
Let f(z) = z**3 + 4*z**2 + z + 1. Let k = 81 + -84. What is the remainder when 34 is divided by f(k)?
6
Let z(c) = 9*c**2 + 8*c - 11. Calculate the remainder when z(2) is divided by 3.
2
Suppose -733 = -19*s - 258. What is the remainder when 273 is divided by s?
23
Let i(n) = -n**3 - n**2 + n - 1. Let o(y) = -3*y**3 + 4*y**2 - 3*y + 4. Let f(a) = -2*i(a) + o(a). What is the remainder when 35 is divided by f(3)?
17
Suppose 33 = 2*f + 15. What is the remainder when 124 is divided by f?
7
Let z(k) = 26*k**2 + k. Suppose 6*p - 2*p = 4. Suppose -3*i - 2*i - 240 = -5*t, -3*t - i = -160. Calculate the remainder when t is divided by z(p).
25
Let f be ((-4)/(-18) + 2702/315)*-5. What is the remainder when 9 is divided by 8/f - ((-26)/22 - 2)?
0
Suppose 0 = 4*c - c - 9. Suppose 6*r - 7*r = -65. Suppose -5*q + 3*z + 40 = 0, -5*q - z + r = z. Calculate the remainder when q is divided by c.
2
Suppose -3*s = -9*s + 78. What is the remainder when 14 is divided by s?
1
Let d = 2180 + -1724. Calculate the remainder when d is divided by 115.
111
Let o = -2234 + 2245. Suppose -14 = 3*g - 110. Let w = g - 13. What is the remainder when w is divided by o?
8
Let c(o) = 16*o**2 + 36. What is the remainder when c(-4) is divided by 74?
70
Let p(g) = -g**2 + 15*g + 50. What is the remainder when 119 is divided by p(17)?
7
Let f = 17 + -7. What is the remainder when 23 is divided by f?
3
Let c = 16 + -27. Let l be ((-52)/(-8) + -3)*8. Let y = l + c. What is the remainder when 48 is divided by y?
14
Let h be (-9)/6*3*-2. Let w = 44 - h. Let k(s) = 2*s**3 + 2*s**2 - 3*s + 1. What is the remainder when w is divided by k(2)?
16
Suppose a = 4*p + 362, -3*a = 5*p + 503 - 59. Let d = -41 - p. Calculate the remainder when d is divided by 11.
5
Let z = 396 - 381. Calculate the remainder when 583 is divided by z.
13
Suppose 3*n + 5*l - 126 = 151, -2*l + 271 = 3*n. What is the remainder when n is divided by 51?
38
Suppose 2*y + 3*a + a - 18 = 0, -3*y - 5*a = -28. What is the remainder when 119 is divided by y?
9
Let u(p) = -p**3 - 7*p**2 - 6*p + 12. Calculate the remainder when 152 is divided by u(-7).
44
Let j = -195 - -225. What is the remainder when j is divided by 8*(1 + 0)*1?
6
Suppose 3*f - 477 = 3*n, 3*f = 15*n - 11*n + 479. Calculate the remainder when f is divided by 33.
25
Let y be 0 - (-14)/(-2)*-1. Let n(m) = m**3 - 5*m**2 - 15*m + 15. Let a = 28 - 5. Calculate the remainder when a is divided by n(y).
7
Let l(o) = -2*o - 5. Suppose -26*d = 34*d + 6 - 66. Calculate the remainder when l(-4) is divided by d.
0
Let g = -105 - -216. Calculate the remainder when g is divided by 25.
11
Let b be (4/6)/((-10)/15). What is the remainder when 2*b - (-45 - -11) is divided by 11?
10
Suppose 4*f = 5*f - 13. Let d = f + -12. What is the remainder when 60 is divided by 124/8*(3 - d)?
29
Let o(j) = 2*j**2 + 10*j + 9. Let t(g) = g**3 - 4*g**2 + 2*g + 12. What is the remainder when o(-7) is divided by t(4)?
17
Let k(z) = -z**3 - 10*z**2 + 4*z + 2. Let f(h) = 3*h**3 + 29*h**2 - 12*h - 7. Let a(b) = 3*f(b) + 8*k(b). Calculate the remainder when a(-7) is divided by 9.
5
Let g(y) = -7 + 2*y**2 + 10*y + 8 + 4 + 4. Let d be g(-6). Suppose 5*c + d = 8*c. What is the remainder when c is divided by 5?
2
Let r be (-15)/10*(-136)/3. Suppose r = -13*p + 17*p. What is the remainder when 101 is divided by p?
16
Suppose 0 = 16*k - 27*k + 1969. What is the remainder when k is divided by 7?
4
Suppose -874 = -16*q - 7*q. What is the remainder when (-1690)/(-15) - 2/3 is divided by q?
36
Suppose -5*r = 3*n - 1, 5*n = 5*r - 7 - 18. Suppose r*z = -0*z + 18. Calculate the remainder when 29 is divided by z.
2
Let v(l) = 41*l - 2. Let m be v(-1). Let p = 21 + m. What is the remainder when 42 is divided by (-1)/(68/p - -3)?
9
Let r(u) = -u**2 - 32*u + 24. What is the remainder when r(-21) is divided by 16?
15
Let z(f) = -29*f**3 + 6*f**2 + 10*f + 3. What is the remainder when z(-1) is divided by 18?
10
Let q = 60 - 31. Let c(w) = -w**3 + 3*w**2 - w + 1. Let x be c(2). Suppose 5*s - x*r = -8*r + 60, s - 2 = 4*r. What is the remainder when q is divided by s?
9
Suppose -31*l = -28*l - 12. Suppose l*a - 31 - 13 = 0. What is the remainder when 28 is divided by a?
6
Let f = -176 - -202. Calculate the remainder when 230 is divided by f.
22
Let w = -1435 - -1469. What is the remainder when w is divided by 20 - 3/(-6)*-2?
15
Let k = -35 - -65. Suppose 4*y - r = k, 2*r + 2*r = y - 15. Calculate the remainder when 18 is divided by y.
4
Suppose -5*n = -n - 220. What is the remainder when 7696/72 + 51/459 is divided by n?
52
Let v(d) = 3*d - 5 - 2*d + 1 + 1. Let q be v(8). Suppose 0*n = -q*n + 5*h + 130, h = -n + 30. What is the remainder when n is divided by 17?
11
Suppose 0 = -x - 0*x + 76. Suppose 168 + 448 = 56*d. What is the remainder when x is divided by d?
10
Let n be 6/(0 - (0 - 4/24)). Let s = n + -24. What is the remainder when 47 is divided by s?
11
Suppose 3*r - 40 = 74. Let j = -21 + r. Calculate the remainder when 32 is divided by j.
15
Let j = 568 + -565. Calculate the remainder when 188 is divided by j.
2
Suppose -22*r = -24*r + 50. What is the remainder when 55 is divided by r?
5
Suppose 9 = -7*x + 8*x. Let l be 3/(3 - x/2). Let k = l - -35. What is the remainder when 130 is divided by k?
31
Let b(n) = 20*n**2 + 2*n - 3. What is the remainder when 188 is divided by b(1)?
17
What is the remainder when 666 is divided by (-2)/(-4)*(-14 + -538)/(-12)?
22
Suppose -3*u - 91 = -253. Let t be (-2)/(-10) + (-4228)/(-35). Let f = t - 110. Calculate the remainder when u is divided by f.
10
Let l be 120/(-14)*(-126)/12. Suppose 0 = -3*d + l + 48. Calculate the remainder when d is divided by 12.
10
Suppose -3*y + 7*y - 12 = 0. Suppose y*s = 3*o - 3 - 3, -5*o + 28 = 4*s. Suppose 3*p - 4 = s*p. What is the remainder when 5 is divided by p?
1
Let i(t) = t + 24. Suppose -k = 1, a + 2*k - 4 = -14. What is the remainder when i(a) is divided by 9?
7
Suppose 39*s = -55*s + 3666. Suppose 5*h + 7 = 57. Calculate the remainder when s is divided by h.
9
Suppose 2*n = 4*q + q - 189, 0 = 2*q - 2*n - 72. Calculate the remainder when 189 is divided by q.
33
Calculate the remainder when 350 is divided by (1404/126)/(4/14).
38
Let k(r) = r**2 - 8*r - 33. What is the remainder when 54 is divided by k(12)?
9
Suppose -482*y + 497*y - 255 = 0. What is the remainder when 325 is divided by y?
2
Let q(d) = d**2 - 9*d + 5. Suppose 4*m + 2 = 42. Calculate the remainder when 27 is divided by q(m).
12
Let n(z) = 6*z + z - 4*z + 5 + 2*z**2. Calculate the remainder when 23 is divided by n(-3).
9
Let t(d) be the first derivative of -d**4/4 - 3*d**3 + d**2/2 - 9*d - 6. Let p be t(-8). Calculate the remainder when 4 is divided by 40/18 + 18/p.
0
Let j = 37 - 31. Let i(t) = t**3 + 19*t**2 + 16*t - 15. Calculate the remainder when i(-18) is divided by j.
3
Let r(z) = 0*z - 4*z + 0*z - 11 + z. Let o be r(-5). Suppose -o*m + 65 = -119. Calculate the remainder when m is divided by 12.
10
Suppose -3*r - 36 = r. Let s be ((-24)/r)/(-4)*-6. Calculate the remainder when 5/10 - (-34)/s is divided by 3.
0
Let 